 remainder when 625565 is divided by 3258.
29
What is the remainder when 325511 is divided by 760?
231
What is the remainder when 5959373 is divided by 35472?
77
Calculate the remainder when 2129458 is divided by 709225.
1783
Calculate the remainder when 65515751 is divided by 222.
221
Calculate the remainder when 350231 is divided by 20563.
660
Calculate the remainder when 12787772 is divided by 914.
912
What is the remainder when 95046 is divided by 291?
180
What is the remainder when 1141280 is divided by 126807?
17
What is the remainder when 13849 is divided by 12304?
1545
What is the remainder when 496811856 is divided by 1747?
1743
What is the remainder when 1260526 is divided by 1811?
70
Calculate the remainder when 402513 is divided by 6189.
228
What is the remainder when 31968 is divided by 10504?
456
What is the remainder when 163824 is divided by 108?
96
Calculate the remainder when 2381259 is divided by 1631.
1630
What is the remainder when 43887643 is divided by 12?
7
What is the remainder when 7922962 is divided by 110041?
10
What is the remainder when 102722 is divided by 18?
14
Calculate the remainder when 90092 is divided by 68.
60
Calculate the remainder when 1871140 is divided by 71962.
128
Calculate the remainder when 15801093 is divided by 3950231.
169
Calculate the remainder when 9744731 is divided by 609045.
11
Calculate the remainder when 2350453 is divided by 18654.
49
Calculate the remainder when 1502146 is divided by 655.
231
What is the remainder when 3891799 is divided by 17?
6
What is the remainder when 49625 is divided by 24777?
71
What is the remainder when 653255 is divided by 217674?
233
What is the remainder when 90082 is divided by 709?
39
What is the remainder when 124531 is divided by 2981?
2310
What is the remainder when 1825101 is divided by 364988?
161
Calculate the remainder when 29146 is divided by 3290.
2826
Calculate the remainder when 17743895 is divided by 503.
67
What is the remainder when 43001 is divided by 42973?
28
Calculate the remainder when 59708 is divided by 57860.
1848
What is the remainder when 29177613 is divided by 23?
20
What is the remainder when 374944 is divided by 323?
264
Calculate the remainder when 789969 is divided by 52663.
24
What is the remainder when 1306159 is divided by 16?
15
Calculate the remainder when 63113 is divided by 4738.
1519
Calculate the remainder when 16483 is divided by 4372.
3367
Calculate the remainder when 57602 is divided by 4777.
278
What is the remainder when 206205458 is divided by 3316?
3314
Calculate the remainder when 54939378 is divided by 9.
3
Calculate the remainder when 111421 is divided by 1984.
317
Calculate the remainder when 908602 is divided by 302867.
1
Calculate the remainder when 85116958 is divided by 244.
242
Calculate the remainder when 148513193 is divided by 211.
210
What is the remainder when 65768 is divided by 5269?
2540
What is the remainder when 1130483535 is divided by 1939?
1938
What is the remainder when 59555 is divided by 3722?
3
Calculate the remainder when 129274467 is divided by 25.
17
Calculate the remainder when 120070766 is divided by 1233.
1226
Calculate the remainder when 2174824 is divided by 931.
8
Calculate the remainder when 184149641 is divided by 19.
7
What is the remainder when 944652262 is divided by 7946?
7944
Calculate the remainder when 1239369 is divided by 413115.
24
Calculate the remainder when 345537 is divided by 172677.
183
What is the remainder when 7097487 is divided by 121?
111
What is the remainder when 80267 is divided by 39810?
647
Calculate the remainder when 13538769 is divided by 26.
23
What is the remainder when 27209 is divided by 243?
236
What is the remainder when 6202456 is divided by 111?
109
What is the remainder when 258835 is divided by 51732?
175
What is the remainder when 32268 is divided by 5310?
408
Calculate the remainder when 34745750 is divided by 323.
317
Calculate the remainder when 1362062 is divided by 454020.
2
Calculate the remainder when 996886 is divided by 12779.
124
What is the remainder when 1963 is divided by 194?
23
Calculate the remainder when 28365311 is divided by 354.
353
Calculate the remainder when 30312 is divided by 8649.
4365
Calculate the remainder when 613011422 is divided by 32.
30
Calculate the remainder when 7982 is divided by 2184.
1430
What is the remainder when 9369660 is divided by 872?
20
What is the remainder when 553976644 is divided by 916?
912
What is the remainder when 836873 is divided by 119497?
394
What is the remainder when 8724757 is divided by 171?
166
Calculate the remainder when 31527716 is divided by 508511.
34
Calculate the remainder when 17322881 is divided by 94.
91
Calculate the remainder when 13163290 is divided by 42.
28
Calculate the remainder when 1536000 is divided by 591.
582
Calculate the remainder when 17118 is divided by 535.
533
What is the remainder when 27430742 is divided by 2110057?
1
Calculate the remainder when 132195 is divided by 2539.
167
Calculate the remainder when 4826485 is divided by 1870.
15
What is the remainder when 74342874 is divided by 902?
34
What is the remainder when 50080 is divided by 95?
15
Calculate the remainder when 66882 is divided by 795.
102
Calculate the remainder when 158055 is divided by 6069.
261
Calculate the remainder when 575243017 is divided by 139.
135
Calculate the remainder when 10352757 is divided by 2904.
2901
Calculate the remainder when 53854329 is divided by 21078.
39
What is the remainder when 119489 is divided by 3505?
319
Calculate the remainder when 1287677 is divided by 487.
49
Calculate the remainder when 7122352 is divided by 339159.
13
What is the remainder when 16601254 is divided by 15706?
12
What is the remainder when 142644 is divided by 181?
16
Calculate the remainder when 1263813 is divided by 1169.
124
Calculate the remainder when 15220899 is divided by 1187.
1185
What is the remainder when 13318715 is divided by 35?
25
Calculate the remainder when 24510 is divided by 4647.
1275
What is the remainder when 28183 is divided by 1166?
199
Calculate the remainder when 89262 is divided by 106.
10
Calculate the remainder when 8211989 is divided by 27837.
74
Calculate the remainder when 2267401 is divided by 8857.
9
Calculate the remainder when 3058356 is divided by 1170.
1146
What is the remainder when 13365 is divided by 5743?
1879
Calculate the remainder when 3468129 is divided by 840.
609
Calculate the remainder when 90971177 is divided by 89.
5
What is the remainder when 801944 is divided by 8448?
7832
Calculate the remainder when 72362 is divided by 6572.
70
Calculate the remainder when 397073 is divided by 6.
5
Calculate the remainder when 3557829 is divided by 8471.
9
Calculate the remainder when 618385 is divided by 1599.
1171
What is the remainder when 1469805 is divided by 54?
33
Calculate the remainder when 452004 is divided by 150459.
627
Calculate the remainder when 198147238 is divided by 30.
28
Calculate the remainder when 1221479 is divided by 1815.
1799
Calculate the remainder when 140047022 is divided by 2533.
2518
What is the remainder when 205520 is divided by 2508?
2372
Calculate the remainder when 6252344 is divided by 13894.
44
What is the remainder when 29754477 is divided by 1780?
1777
What is the remainder when 395945 is divided by 2487?
512
Calculate the remainder when 148848 is divided by 181.
66
What is the remainder when 23473830 is divided by 4694766?
0
Calculate the remainder when 242084 is divided by 217.
129
What is the remainder when 269808 is divided by 191?
116
Calculate the remainder when 220637 is divided by 44107.
102
What is the remainder when 739602 is divided by 86?
2
What is the remainder when 469500 is divided by 469357?
143
What is the remainder when 148330557 is divided by 192?
189
What is the remainder when 170048 is divided by 10624?
64
Calculate the remainder when 76106 is divided by 1663.
1271
Calculate the remainder when 544 is divided by 471.
73
Calculate the remainder when 297741 is divided by 1127.
213
What is the remainder when 2849421 is divided by 949807?
0
What is the remainder when 1640132 is divided by 188?
20
Calculate the remainder when 11159945 is divided by 220.
5
Calculate the remainder